
2, 7
Let w(r) = 2*r. Let a = 6 + -4. Let z = a - 1. List the prime factors of w(z).
2
Let n = 54 - 33. List the prime factors of n.
3, 7
Suppose 0 = 8*k - 608 + 40. List the prime factors of k.
71
Suppose 4*j - j - 87 = 0. What are the prime factors of j?
29
Let z = -25 + 45. Suppose 3*c + z = -c. Let m = -3 - c. What are the prime factors of m?
2
Suppose 2*u + 3*u = 95. What are the prime factors of u?
19
Let o = 60 + -31. Suppose -4*c + 5*a = -o - 20, -c - 5*a = -6. What are the prime factors of c?
11
Let c = 8 + -4. Suppose -c*x - 40 = -4*i, -4*i - 7*x + 3*x = 0. What are the prime factors of i?
5
Let s = -23 - -41. Let b be (-6)/(-30) + s/10. Suppose h = -b*h + 33. List the prime factors of h.
11
Let r be (-1015)/(-15) + (-3)/(-9). Suppose 3*j - 7*j + r = 0. List the prime factors of j.
17
Let n = 25 - 43. Suppose 104 = -0*r + 4*r. Let w = n + r. What are the prime factors of w?
2
Let l be (4/12)/(3/45). Suppose 0 = 4*m - l*m - 3. Let n = m - -6. What are the prime factors of n?
3
Suppose 5*l = -4*y + 129, -2*y = 4*l + 45 - 153. What are the prime factors of l?
29
Let p(x) be the third derivative of -1/2*x**3 + 0*x + 0 + x**2 - 1/6*x**4. List the prime factors of p(-2).
5
Let c be 6 + (-2 + 3 - 2). List the prime factors of -14*(c/2 + -3).
7
Suppose 0*s = -4*u - s + 131, -4*s = -12. Let h = u - 9. What are the prime factors of h?
23
Suppose -n = -3*n + 4. Let y be 5 - (-2 + 5 - n). Let g(k) = k**2 - 3*k + 6. List the prime factors of g(y).
2, 5
Suppose -l + 67 = -18. Suppose 4 = -3*t + l. What are the prime factors of t?
3
Let s(b) be the third derivative of b**6/120 - b**5/60 + b**4/24 - 2*b**2. What are the prime factors of s(2)?
2, 3
Let v = 11 - 6. Suppose 2*w + 48 = v*w. List the prime factors of w.
2
Let f(p) = -p**2 + 9*p + 10. Let v be f(9). List the prime factors of ((-50)/4)/((-5)/v).
5
What are the prime factors of (-2)/2*(-16)/4?
2
Let u(l) = -l**2 - 8*l - 7. Let b be u(-7). Suppose b = 5*v - v. Suppose -40 = -4*z - v*z. What are the prime factors of z?
2, 5
Suppose 2*c = -0 - 2, 2*i - 9 = -3*c. Suppose i*u - 150 = u. What are the prime factors of u?
2, 3, 5
Let k be (3 + -2)/(1/(-37)). Suppose -n + 2*u = 23, -2*n - 4*u - 49 = n. Let p = n - k. What are the prime factors of p?
2, 3
Suppose -6*o + 2*o - 112 = -4*q, 2*o = q - 30. List the prime factors of q.
2, 13
Suppose 0*t + 3*t = -3*n + 21, 0 = 4*t + 3*n - 25. Suppose 4 + t = 2*p. Suppose -p*b + 75 = b. What are the prime factors of b?
3, 5
Suppose 2*k = -k - 45. What are the prime factors of (-6)/k + (-48)/(-5)?
2, 5
Let g = 19 - 4. Let z = 69 + -48. Let a = z - g. List the prime factors of a.
2, 3
Suppose -55 = -p - 12. What are the prime factors of p?
43
Let g be 48/9 - 2/(-3). Let s be ((-4)/g + 0)*-6. Suppose s*w = n + 4, 3*w + n + n = 14. List the prime factors of w.
2
Let b be ((-110)/4 - -1)*-2. Suppose 5*w = -3 + b. What are the prime factors of w?
2, 5
Suppose -2*f - 45 = -3*f. Suppose -4*x = x + f. Let p = -3 - x. What are the prime factors of p?
2, 3
Let d(m) = -m**2 - 6*m. Let o be d(-5). Suppose -3*f - 2*f = -o*r + 110, -2*f = 2*r + 48. Let v = 32 + f. What are the prime factors of v?
3
Let z be 3/(45/(-6))*-35. Let f = 20 - z. What are the prime factors of f?
2, 3
Let o = 1 + 5. What are the prime factors of o?
2, 3
Let v = -8 - -8. Suppose -d = 5*p - 2*p - 2, v = -d + p + 2. Suppose l + d*a - 14 = 0, l - 3*l + 3*a + 28 = 0. List the prime factors of l.
2, 7
List the prime factors of 16/(-28) + 1 - 1856/(-14).
7, 19
Let y(t) = t**2 + 7*t + 4. Let x be (-42)/8 + 3/(-4). Let n be y(x). List the prime factors of (-1)/(n - (-42)/22).
11
Suppose 5*d - x - 54 = 0, -5*d - 3*x + 6*x + 62 = 0. Suppose -d + 32 = i. Suppose 5*a + i = 2*z + a, 0 = -5*z + 5*a + 45. List the prime factors of z.
7
Let l be (-2 - -2)*2/(-4). Suppose l = -6*t + t + 55. List the prime factors of t.
11
Suppose -13 = b - 2*b. Suppose b = -3*g - 5*z, -4*g + 5*z + 0*z = -6. List the prime factors of (2 - 1)*(g + 7).
2, 3
Suppose -5*l + 0*l = -70. Let n = l + 1. What are the prime factors of n?
3, 5
Let g(k) = k**2 - 4. Let o be g(-3). Suppose q - 16 = -h - 7, o*h = 2*q + 59. Let j = 18 - h. What are the prime factors of j?
7
Let a(i) be the third derivative of i**6/120 + i**5/10 - 5*i**4/24 - i**3 - 4*i**2. What are the prime factors of a(-6)?
2, 3
Let k(m) be the first derivative of m**4/4 + 10*m**3/3 + 3*m**2 - 8*m + 5. List the prime factors of k(-9).
19
Let v be ((-3)/(-6))/(1/(-62)). Let l = 71 + v. What are the prime factors of l?
2, 5
Let j(k) = 4*k**2 - k - k**3 + 4*k - 2*k. Let b be j(4). Suppose -4*x = -40 - b. List the prime factors of x.
11
Suppose -3*c = -0 + 72. Let y = c - -49. Suppose -y = -5*z + 2*t, -4*z + 0*t + 20 = 3*t. What are the prime factors of z?
5
Let l = -122 - -181. List the prime factors of l.
59
What are the prime factors of (-25)/2*-2*(-3 - -6)?
3, 5
Let m = 76 + -64. What are the prime factors of m?
2, 3
Let z = -3 - 11. Let n = -8 - z. What are the prime factors of n?
2, 3
Let m(k) = -k**3 + 6*k**2 - 2*k + 8. Let j be m(6). List the prime factors of j*(-1 + 17/(-4)).
3, 7
Let p(m) = -2*m - 7. Let t be p(-5). Suppose 4*h = -4*i - 97 + 13, -4*h - 68 = t*i. Let g = -2 - i. List the prime factors of g.
2, 7
Let b be 0*1/(-3) + 5. Let u = b + -3. List the prime factors of ((-9)/(1 + u))/(-1).
3
Let n = 4 + 185. What are the prime factors of n?
3, 7
Suppose -4*z + 2*j + 48 = 7*j, 3*z - 55 = j. What are the prime factors of z?
17
Let q = 222 + -132. List the prime factors of q.
2, 3, 5
Suppose 4*w = -2*o + 16, 3*o - 7 = -3*w + 8. Suppose -2*q = -w - 5. Suppose -r = q*r - 55. What are the prime factors of r?
11
List the prime factors of (2 - 93/(-5)) + 6/15.
3, 7
Suppose -4*s + h + 15 = 6*h, 3*s - h - 16 = 0. What are the prime factors of s?
5
Suppose 4*t - 12 = 4. What are the prime factors of t?
2
Let a(m) = -3 - 1 + m - 2*m - 1. Let k be a(-8). Let t = 6 - k. What are the prime factors of t?
3
Suppose 2*i + 4*i - 36 = 0. What are the prime factors of i?
2, 3
Let c be 1 + -3 - (-34 - -1). Let f = c + -22. List the prime factors of f.
3
Let g(z) = -z**2 + 7*z - 4. Let c be g(6). Suppose -4*k + c*k = 14. Let y(h) = h**3 + 8*h**2 + 7*h + 2. What are the prime factors of y(k)?
2
Suppose 6*j = j + 965. What are the prime factors of j?
193
Suppose -4*q - 4*s + 38 = -10, 2*s = q - 18. List the prime factors of q.
2, 7
Let u(x) be the second derivative of x**4/6 + x**2 - 5*x. What are the prime factors of u(3)?
2, 5
Let d = -37 + 19. Let j = d + 31. What are the prime factors of j?
13
Let a(y) = y**3 - 4*y**2 - 5*y - 4. Let r be a(5). Let l = r + 8. What are the prime factors of l?
2
What are the prime factors of 1/((1/53)/1)?
53
Suppose -2 - 2 = -4*z. Let s be 2 + z/((-3)/(-18)). List the prime factors of 2/s + 54/8.
7
Let r(u) = -u**3 - 4*u**2 - 12*u - 3. What are the prime factors of r(-6)?
3, 47
Let q(f) = f - 5. Let s(z) = -1. Let d(b) = -3*q(b) + 15*s(b). Let j be d(-2). Let o(w) = -w**3 + 5*w**2 + 8*w - 1. What are the prime factors of o(j)?
11
Let o(t) = 80*t**2 - 5*t - 4. What are the prime factors of o(2)?
2, 3, 17
Let x = 3 + -7. List the prime factors of -12*x/3 - -1.
17
Let a(r) = r - 4. Let q be a(0). Let k = q - -6. List the prime factors of k.
2
Let c be (-3)/((-3)/2) + 0. Let u = -1 + c. Suppose -o + 18 = -5*h, 5*h + 8 + u = -2*o. List the prime factors of o.
3
Let t = -11 + 15. What are the prime factors of t?
2
Suppose 0 = -3*f + 2*w + 11, 3*f + 3*w - 7 = 29. Let i be f*-3*3/9. Let x(a) = -2*a - 7. What are the prime factors of x(i)?
7
Let d(b) = b - 1. Let j(m) = m**3 + 9*m**2 + 5*m - 4. Let y(l) = 3*d(l) + j(l). What are the prime factors of y(-7)?
5, 7
Let k(v) = 0 - v + 2 - 9*v**2 + 4*v**3 + 0 - 5*v**3. Suppose 3*x = -3, 5*m + 33 + 16 = -4*x. List the prime factors of k(m).
11
Let o = -9 + 31. What are the prime factors of o?
2, 11
Let h(m) = m**3 + 10*m**2 - 2*m + 6. Let y be h(-5). Suppose -3*j - y = -5*w, 2*w + 2*j = -3*w + 156. What are the prime factors of w?
2, 3, 5
Suppose 0*u = u - 1. Suppose -3 = -g - u. Let i = g + 2. List the prime factors of i.
2
Suppose -2*l = -3*q - 10, 4 = 5*q - 3*q. Suppose u + 147 = 4*b - 2*u, -5*u = b - l. What are the prime factors of b?
3, 11
Suppose 2*u = -3*u - o + 25, -20 = 4*o. Let a = u + 1. Suppose -3*v = -a*